etermine d(10).
-14
Let a(m) = -2*m**2 + 19*m + 20. What is a(10)?
10
Let b(t) = -t**2 + 7*t. Determine b(5).
10
Let r(n) = -3*n - 36. Determine r(-11).
-3
Let w(t) = -t**3 + 14*t**2 + 14*t - 2. Give w(15).
-17
Let w(i) = 43*i**2 + 3*i - 4. Determine w(-1).
36
Let w(t) = -t**3 + 7*t**2 - 10*t + 147. Determine w(8).
3
Let w(l) = l**3 - 3*l**2 - 3*l + 5. Determine w(3).
-4
Let f(k) = k. Give f(-12).
-12
Let w(y) = 2*y + 14. Calculate w(-7).
0
Let n(a) = -2*a**2 + 42*a - 223. Determine n(11).
-3
Let g(f) = -f**2 - 10*f - 21. Determine g(-9).
-12
Let o(c) = -c**2 - 5*c + 13. Calculate o(-6).
7
Let o(p) = -p**3 + 7*p**2 - 10*p. Give o(5).
0
Let m(o) = o**2 + 11*o - 8. Determine m(-11).
-8
Let p(q) = q**2 + 10*q - 20. Determine p(-11).
-9
Let h(q) = -14*q**3 - q**2 - 3*q - 3. Give h(-2).
111
Let p(u) = -2*u**2 - 9*u - 6. Determine p(-4).
-2
Let a(l) = -l**3 - 12*l**2 - 11*l - 7. What is a(-11)?
-7
Let n(h) = 16*h - 651. Determine n(41).
5
Let r(i) = -2*i**3 + 13*i**2 - 8*i + 2. Calculate r(6).
-10
Let l(x) = 20*x + 27. Give l(-6).
-93
Let x(t) = t + 3. Determine x(-11).
-8
Let q(h) = 7*h - 48. Determine q(8).
8
Let t(j) = -j**3 - 5*j**2 + 8*j + 4. Give t(-5).
-36
Let y(c) = 6*c**3 + 67*c**2 + 13*c + 15. Calculate y(-11).
-7
Let j(z) = z**2 + 14*z + 29. Calculate j(-11).
-4
Let f(y) = 3*y**2 + 12*y - 1. Determine f(-5).
14
Let x(i) = 62*i**3 - i - 1. What is x(-1)?
-62
Let w(z) = -2*z**2 - 3*z + 8. What is w(-5)?
-27
Let y(o) = -2*o**3 - 15*o**2 - 9*o + 13. Give y(-8).
149
Let t(h) = -6*h - 25. Give t(-3).
-7
Let l(q) = 44*q + 2. What is l(-2)?
-86
Let u(m) = -2*m - 3. What is u(6)?
-15
Let n(c) = 7*c**3 - c**2 + c + 2. Calculate n(-1).
-7
Let h(b) = -b**2 + 12*b - 4. Give h(11).
7
Let f(y) = 15*y + 68. Give f(-5).
-7
Let n(o) = -2*o**3 - 2*o**2 + 17*o + 34. Give n(-2).
8
Let a(h) = -h**2 + 9*h - 2. Give a(8).
6
Let i(r) = 4*r + 36. What is i(-6)?
12
Let l(x) = 3*x - 60. Determine l(19).
-3
Let t(g) = g**3 - 2*g**2 + 18*g - 69. What is t(3)?
-6
Let o(q) = -17*q - 370. What is o(-22)?
4
Let o(n) = n**3 + 12*n**2 - 28*n. Calculate o(-14).
0
Let l(r) = 5*r - 1. Calculate l(-15).
-76
Let a(y) = -15*y + 6. Determine a(5).
-69
Let u(r) = -r**3 - 4*r + 2. What is u(-3)?
41
Let h(n) = -5*n**2 - 17. Determine h(6).
-197
Let l(k) = -3*k. Calculate l(-9).
27
Let c(p) = p - 26. Calculate c(5).
-21
Let i(f) = -18*f**2 + f - 1. What is i(1)?
-18
Let r(j) = 3*j + 19. What is r(-10)?
-11
Let t(h) = -h**3 + 2*h - 1. Determine t(0).
-1
Let a(w) = w**3 + 17*w**2 + 40*w - 5. Calculate a(-14).
23
Let i(l) = -3*l + 10. Give i(2).
4
Let u(n) = 3*n - 51. Calculate u(12).
-15
Let s(v) = -v + 4. What is s(14)?
-10
Let g(m) = 5*m**2 + 3*m + 3. What is g(-2)?
17
Let o(i) = -4*i - 16. What is o(7)?
-44
Let r(w) = w**3 - w**2 + 5. Calculate r(0).
5
Let g(x) = -x**2 - 2*x - 4. Determine g(-2).
-4
Let a(h) = -70*h + 423. Determine a(6).
3
Let s(f) = -f + 4. Determine s(5).
-1
Let s(c) = -3*c**2 + 7*c - 4. What is s(4)?
-24
Let k(c) = 2*c + 2. Give k(3).
8
Let b(d) = -d**2 + d + 18. What is b(0)?
18
Let q(u) = -u**3 - 17*u**2 - 12*u - 10. Determine q(-16).
-74
Let h(o) = o**2 + 6*o + 7. Calculate h(-6).
7
Let c(y) = 4*y**2 + 74*y + 51. Calculate c(-18).
15
Let a(v) = 18*v + 3. Give a(-1).
-15
Let i(p) = -p - 13. What is i(-20)?
7
Let m(v) = v**3 - 18*v**2 - 19*v - 11. Give m(19).
-11
Let g(x) = -2*x**3 - 14*x**2 - 16*x - 15. What is g(-6)?
9
Let p(g) = -3*g**2 - 11*g + 3. Give p(-5).
-17
Let b(g) = g**2 - 8*g + 4. Determine b(9).
13
Let o(u) = u + 3. What is o(-10)?
-7
Let l(w) = w - 36. Calculate l(43).
7
Let f(h) = h**3 - 5*h**2 + h + 13. Give f(4).
1
Let z(a) = -4*a - 98. Calculate z(-23).
-6
Let l(c) = -34*c - 346. Calculate l(-10).
-6
Let g(z) = z**3 - 8*z**2 + 3*z - 9. What is g(8)?
15
Let y(a) = -7*a**2 + 6*a + 6. Calculate y(-1).
-7
Let m(y) = y - 7. Determine m(17).
10
Let c(g) = g + 5. Give c(9).
14
Let m(b) = -25*b + 16. What is m(-9)?
241
Let x(g) = -4*g - 13. Give x(-16).
51
Let p(y) = -8*y - 5. What is p(0)?
-5
Let h(f) = -5*f + 5. What is h(-5)?
30
Let h(y) = 20*y - 2. Give h(1).
18
Let w(r) = 5*r + 111. Determine w(-21).
6
Let n(a) = a**2 - 14*a - 38. Give n(15).
-23
Let q(t) = t. Determine q(3).
3
Let i(d) = 2*d + 8. Calculate i(-3).
2
Let s(z) = z**2 - 3*z + 3. Determine s(3).
3
Let h(a) = 21*a - 41. Give h(3).
22
Let q(y) = -y**2 + 34*y - 277. Calculate q(18).
11
Let i(u) = u**2 - 14*u + 9. What is i(14)?
9
Let y(g) = 93*g - 189. Calculate y(2).
-3
Let k(x) = 47*x**2 - 1. Determine k(1).
46
Let q(j) = -17*j + 116. What is q(6)?
14
Let z(s) = -s**3 + 7*s**2 - 5*s - 4. Give z(5).
21
Let v(x) = 2*x**2 - 10*x + 2. Calculate v(7).
30
Let d(q) = 3*q + 3. Give d(1).
6
Let t(q) = -q + 2. Give t(7).
-5
Let s(z) = -33*z**2 + 34*z - 35. Calculate s(1).
-34
Let z(q) = 10*q - 28. What is z(4)?
12
Let t(n) = 2*n**3 - 16*n**2 + 17*n - 15. Give t(7).
6
Let t(h) = 3*h**3 - h**2 - 4*h - 2. Give t(-1).
-2
Let b(y) = y**3 + 8*y**2 - 2*y + 6. Give b(-8).
22
Let u(b) = -5*b**2 - b - 2. Calculate u(-1).
-6
Let d(j) = -j**3 - 14*j**2 - 4*j - 18. Determine d(-14).
38
Let l(y) = y**3 + 5*y**2 - 6*y - 36. Determine l(-7).
-92
Let y(u) = -u**3 + 26*u**2 + 26*u + 30. Calculate y(27).
3
Let d(t) = 2*t**3 - 3*t**2 - 7*t - 6. Determine d(-2).
-20
Let r(z) = z**3 + 3*z. What is r(-3)?
-36
Let r(z) = -2*z**3 - 4*z**2 + 4*z. Give r(1).
-2
Let t(i) = 5*i - 35. Calculate t(6).
-5
Let k(x) = x**2 - 14*x - 13. What is k(14)?
-13
Let v(m) = m**2 + 3*m + 3. Calculate v(-7).
31
Let i(z) = z**2 + 11*z - 38. Determine i(-14).
4
Let r(d) = -8*d - 6. Give r(-2).
10
Let r(l) = l**2 - 25*l + 48. What is r(21)?
-36
Let m(c) = c**3 + 6*c**2 - 13*c + 21. What is m(-8)?
-3
Let p(y) = y**2 + y + 11. What is p(0)?
11
Let l(n) = n**3 - 12*n**2 - 24*n + 11. Give l(14).
67
Let w(k) = 2*k**3 - 85*k**2 - 42*k - 38. Give w(43).
5
Let c(k) = k**3 + 10*k**2 - 2*k - 14. Give c(-10).
6
Let q(p) = 4*p**2 + 17*p + 26. Determine q(-2).
8
Let b(m) = -m**2 - 24*m - 79. Give b(-19).
16
Let g(q) = 3*q + 40. What is g(-11)?
7
Let n(l) = -4*l - 3. Give n(-2).
5
Let k(i) = -i**3 - 9*i**2 + 21. Calculate k(-9).
21
Let w(o) = -2*o**3 - 9*o**2 - 8*o - 2. Give w(-3).
-5
Let q(u) = -u**3 + 12*u**2 - 11*u - 7. Give q(11).
-7
Let v(d) = d**3 - 6*d**2 + 3*d - 15. Calculate v(6).
3
Let w(r) = 7*r + 22. Determine w(-4).
-6
Let w(z) = -6*z + 12. Calculate w(8).
-36
Let a(p) = 4*p**2 - 30*p + 2. Calculate a(7).
-12
Let a(l) = -l**3 - 20*l**2 + 17*l - 38. Calculate a(-21).
46
Let c(b) = -b**2 + 36*b - 251. Determine c(28).
-27
Let v(o) = -76*o - 604. Calculate v(-8).
4
Let u(d) = 3*d**2 + 19*d + 33. Determine u(-2).
7
Let z(l) = -2*l**3 - 2*l**2 - 6*l - 9. Determine z(-2).
11
Let p(r) = -3*r**2 - r - 2. What is p(-3)?
-26
Let c(m) = m**2 + 22*m + 142. Give c(-12).
22
Let t(d) = -d**3 - 2*d**2 - 5. What is t(0)?
-5
Let i(r) = r**3 - 20*r**2 - 20*r. Calculate i(21).
21
Let r(i) = -7*i - 192. Give r(-27).
-3
Let k(j) = 2*j + 17. What is k(6)?
29
Let w(x) = 11*x**2 - 2*x - 2. Give w(-1).
11
Let i(s) = s**3 - 20*s**2 - 35. Determine i(20).
-35
Let w(h) = -h + 1. Determine w(4).
-3
Let u(z) = -z**2 - 6*z + 7. Calculate u(-7).
0
Let a(c) = 2*c**3 - c**2 - 6*c - 4. Calculate a(-2).
-12
Let z(g) = -7*g - 192. Give z(-26).
-10
Let f(j) = -j**2 - j + 35. Determine f(0).
35
Let k(f) = -f**2 + 10*f + 35. Determine k(17).
-84
Let p(g) = -g**3 - 6*g**2 + 16*g + 7. Give p(-7).
-56
Let m(r) = 2*r - 23. Calculate m(15).
7
Let h(r) = -r**2 - 7*r - 11. What is h(-5)?
-1
Let t(n) = n**2 + 3*n - 4. Determine t(-3).
-4
Let v(a) = 3*a - 8. Give v(9).
19
Let g(m) = -m**2 - 27*m + 151. Determine g(5).
-9
Let o(l) = 7*l**2 + 9*l. Give o(-1).
-2
Let g(x) = -11*x + 285. Determine g(22).
43
Let j(p) = -2*p + 25. Give j(5).
15
Let r(z) = z**2 + 9*z - 16. Give r(-11).
6
Let d(w) = -6*w + 57. What is d(8)?
9
Let q(z) = -8*z + 112. What is q(14)?
0
Let c(i) = -i**2 - 6*i - 10. Calculate c(-9).
-37
Let c(i) = 2*i**3 - 38*i**2 - 2*i + 41. What is c(19)?
3
Let n(u) = -u**3 - 20*u**2 + 44*u - 7. Determine n(-22).
-7
Let m(n) = -n**3 - n**2 - 2*n + 1. What is m(2)?
-15
Let g(r) = -4*r + 3. What is g(-1)?
7
Let h(w) = -w**3 - 11*w**2 + 28*w + 8. Calculate h(-13).
-18
Let o(t) = -t**3 - 3*t**2 + 2*t - 1. Calculate o(-4).
7
Let y(f) = 2*f**2 - 6*f - 3. Determine y(-3).
33
Let m(t) = -t